?
0
Let g(m) = 81*m - 13. Let p be g(3). Suppose b + p = 2*w - 111, -5*w + 875 = 5*b. What is the units digit of w?
2
Let j be (-3)/(-1)*30/9. Let d(w) = -3*w**2 - 4*w + 1. Let v(t) = 8*t**2 + 13*t - 3. Let i(s) = -11*d(s) - 4*v(s). What is the tens digit of i(j)?
2
Let m = 61 - 61. What is the tens digit of (-645)/(-6) + m - (-3)/(-6)?
0
Let d = -162 - -230. Let p = -9 + 7. What is the tens digit of (14/(-28))/(p/d)?
1
Let w be (1728/(-15))/(8/(-140)). Suppose 20*s = 6*s + w. What is the units digit of s?
4
Suppose -11*w + 10874 = -1699. What is the units digit of w?
3
Let b = -2493 + 3655. What is the units digit of b?
2
Suppose 299 = -4*g - 0*o + o, 0 = -4*g - 2*o - 290. Let f = g + 140. Suppose f = -16*j + 18*j. What is the tens digit of j?
3
Let g(z) = -z**3 - 17*z**2 + 18*z - 24. Let r be g(-18). What is the tens digit of (r/(-10))/(6/(-900)*-4)?
9
Suppose -28*h = 5*u - 29*h - 4946, 5*h = 3*u - 2972. What is the hundreds digit of u?
9
Suppose -4*i = 10*i - 2926. What is the units digit of i?
9
Let p(b) = b + 3. Let g(u) = u + 6. Let j be g(0). Let r be p(j). Suppose -7*n + 4*n = -r. What is the units digit of n?
3
Let z = 28 - 21. Suppose -6*s - 6 = -z*s. Suppose 3*c - 3*j - 186 = -s*j, -5*j - 266 = -4*c. What is the tens digit of c?
6
Let q(r) = r**2 - 5*r + 10. What is the tens digit of q(12)?
9
Suppose 7959 = 4*u - 2*x + 3*x, -4*u + 2*x + 7950 = 0. What is the units digit of u?
9
Let w be ((-3 + 0)/3)/(-1). Let r be (3/((-9)/(-84)))/w. Suppose 4*u = -4*j + 3*u + r, 5*j = 4*u + 56. What is the units digit of j?
8
Let z be -1 - (-125 + (7 - 4)). Suppose 4*n = z + 111. Let i = n + -39. What is the tens digit of i?
1
Let p = -621 - -747. What is the tens digit of p?
2
Let m = 709 - 325. Suppose 4*z + 5*y - 13 = 359, 2*y - m = -4*z. What is the tens digit of z?
9
Let n be 2/4*5*16/(-20). What is the units digit of (-177)/(-2) + n/(-4)?
9
Let c(w) = -384*w + 221. What is the tens digit of c(-9)?
7
Let n(b) = 2*b + 59. Let w = 65 - 41. What is the hundreds digit of n(w)?
1
Let d(q) = 40*q - 5. Let i be d(-4). What is the tens digit of (-9045)/i - 2/(-11)?
5
Let w = -88 + 85. What is the tens digit of -1 - (w/(6/122) - -1)?
5
Suppose 0 = 3*l + 27 - 0. What is the tens digit of ((-1)/l*-3)/((-1)/36)?
1
Let u(i) = 4*i + 2. Let t be u(-3). What is the tens digit of (63/(-5))/(-2*(-1)/t)?
6
Let j = 2365 + -526. What is the units digit of j?
9
Suppose 3*t + 3*t = 12. What is the units digit of 105/t + 16/(-32)?
2
Suppose -3*u - 19 = -4. Suppose -b - k + 21 = 0, 2*k - 31 = -b + 3*k. Let p = b - u. What is the units digit of p?
1
Let j be 3/(-1 - 150/(-141)). Let i = j + 7. Suppose 3*o - i = -2*o + q, -3*o = -2*q - 31. What is the units digit of o?
1
Suppose p + p = c - 3, p = -4*c + 3. Let j(s) = 139*s**2 + 1. What is the tens digit of j(p)?
4
Let t(q) = 5*q**2 + q + 10. Let y(o) = o**2. Let k(i) = t(i) - 4*y(i). What is the units digit of k(-5)?
0
Suppose t = -t + 20. Suppose -g = g - t. Suppose 3*j - 48 = g*c, 4*c = 5*c + 3. What is the units digit of j?
1
Suppose -h - 5 = 3*v + 6, -12 = v + 2*h. What is the tens digit of 66/(1 - (v + 2)) + 4?
7
Let y be -22*(3/(-6) - 0). Suppose y*k = 4*k + 518. What is the tens digit of k?
7
Let g = -114 - -831. What is the tens digit of g?
1
Suppose 3*u - 1171 = -g, 256 + 133 = u - g. What is the hundreds digit of u?
3
Let h(y) = 11 + 3*y + 4*y - y + 5*y. What is the tens digit of h(8)?
9
Suppose 668 = -f + 1272. What is the tens digit of f?
0
Let f be -2 + 6 + -7 + -30. Let m = f - -59. What is the tens digit of m?
2
Let s = -5 + 10. Suppose 5*h - 68 = -3*y, 0*h + s*y = -h - 4. Suppose -50 = -d - j - 4*j, 0 = -4*j + h. What is the units digit of d?
0
Let q = -301 - -831. What is the tens digit of q?
3
Suppose -8*d - 3*g = -5*d - 12, -d + 5*g - 26 = 0. What is the hundreds digit of (-184 + d - -3)*24/(-14)?
3
Let m = 20 + -17. Suppose m*f = -9, 21 = r - 5*f - 2. Suppose 4*d - r = -t + 2*t, 8 = 4*d - 5*t. What is the units digit of d?
2
Suppose 0 = -v - 16 + 20. Suppose -u = -o + 42, -5*o + u = 4*u - 186. Suppose 5*c - o = -2*n + 146, v*n = -c + 55. What is the tens digit of c?
3
Let y(a) = 3*a - 21. Let d(w) = -w**2 + w. Let k(h) = -2*d(h) - y(h). What is the units digit of k(7)?
4
Let f = 227 + -57. Suppose 5*y - 202 = -4*j, -3*j + f = 4*y - 4*j. Let i = y - -6. What is the units digit of i?
8
Let h = 2 + 5. Let a be (-42)/9*(-6)/h. Let n(t) = 2*t**2 - 3*t - 2. What is the tens digit of n(a)?
1
Suppose 1905 = 3*j - 3*u, 340 = -4*j + 5*u + 2878. What is the units digit of j?
7
Let a(s) = 39*s + 15. Let w be a(-6). Let n = -112 - w. What is the units digit of n?
7
Let v(h) = h**2 + 17 - 31 - 26 + h**3. Let a be v(0). What is the units digit of (-4 - -1)*a/12?
0
What is the units digit of (-4662)/9*-1 - 7?
1
Let x(j) = 52*j**2 + 11*j + 11. What is the hundreds digit of x(-3)?
4
Suppose 72 + 342 = 18*y. What is the tens digit of y?
2
Let h = -379 - -574. Suppose 9*d = 8*d + h. What is the units digit of d?
5
Let k(o) = -4. Let d(u) = u + 8. Suppose 0 = -q + c, 2*c = -0*c - 6. Let i(s) = q*d(s) - 5*k(s). What is the units digit of i(-13)?
5
Let b(w) be the second derivative of w**4/6 - 2*w**3 - 5*w**2/2 + 2*w. Let n be b(8). Let y = n - -6. What is the units digit of y?
3
Let k(t) = 8 - 5 + 4 - 10*t. Let r be k(-5). Let i = r + -35. What is the units digit of i?
2
Suppose -3*g - 4*u = 9, 5*g - 2*u + 31 = -10. What is the tens digit of (1*38)/(g/(-14))?
7
Let d = 1209 - 570. What is the hundreds digit of d?
6
Let p(j) = -j**3 + j**2 - j + 40. Suppose -20 = 3*i - 4*k, 2*k = -i + 5*k - 15. Let d be p(i). What is the units digit of ((-8)/20)/((-2)/d)?
8
Let s(f) = -f. Let i be s(-2). Suppose 4*g - 204 = -4*a, i*a + 3*a = -2*g + 243. What is the tens digit of a?
4
Let b(m) = -6*m + 2. Let o = 18 + -9. Let t be o*(-1 - -5)/(-12). What is the tens digit of b(t)?
2
Suppose 4*x + 5*n = -5, 2*x - 4*n = -0*x + 30. Suppose 2*c + 75 = x*c. What is the units digit of c?
5
Suppose -5*s + 4*w = -2197, -w + 1774 = 4*s + 4*w. What is the units digit of s?
1
Let b = 342 - 150. Let j = b - 122. What is the units digit of j?
0
Let k(q) = -99*q**2 + q. Let m be k(-1). Let a = 146 + m. What is the units digit of a?
6
Let g = 290 + -276. What is the tens digit of g?
1
Suppose -24 - 2 = -13*s. What is the tens digit of (17 + -78)/(s/(-4))?
2
Suppose 6*o - 5548 = 470. What is the thousands digit of o?
1
Suppose 0 = -71*b + 95*b - 64200. What is the hundreds digit of b?
6
Suppose 0 = -5*j - 9 - 11. Let g = -33 - j. Let n = 51 + g. What is the tens digit of n?
2
Let r = -67 + 67. Suppose 5*m - 3*q - 207 - 954 = r, -4*m = 3*q - 945. What is the units digit of m?
4
Suppose a - 6*a + 75 = 0. What is the units digit of ((-25)/a)/(2/(-18))?
5
Let y(s) = 32*s**2 - 6*s - 7. Let x be y(-3). Suppose 9*q - x = -20. What is the units digit of q?
1
Suppose -11 = -k + 9. Suppose 4*t + 5*r - 36 = -0*r, -3*r + k = 2*t. Suppose -t*o + 2*b = -32, -3*o - 4*b = -0*b - 2. What is the units digit of o?
6
Suppose -10*o + 137 = -273. What is the tens digit of o?
4
Suppose 2*w = b - 1259, 3021 + 764 = 3*b + 2*w. What is the tens digit of b?
6
Suppose 6*k + 76 = 2356. Let a = k - 208. What is the units digit of a?
2
Suppose -10 = -3*w + w. What is the tens digit of 5*w/25 + 45?
4
Let o be 4/(-2) + 4 + 53. Suppose -o = -3*f - 2*f. What is the units digit of f/((-12)/14 + 1)?
7
Let a = -1689 + 2669. What is the hundreds digit of a?
9
Suppose p - 42 = -5*n, -n = 2*p - 7*p - 24. Suppose -n*u - 130 = -11*u. What is the units digit of u?
5
Let q(h) = h**2 - 9*h - 17. Let p be q(11). Suppose -2*g + p*g = 2*s + 224, -4*s = 16. What is the tens digit of g?
7
Suppose z = y - 0*z, -y - 4*z = 0. Suppose -4*k + y*k = 4. What is the units digit of k/1 - -12 - 1?
0
Suppose -2*s = -2*q + 586, -4*q + 2*s + 293 = -3*q. What is the hundreds digit of q?
2
Let l(u) = u**3 - 8*u**2 - u + 11. Let s be l(8). Suppose 5*f + 18 = -2*n + s*n, 3*n + 26 = -5*f. What is the tens digit of (-2 - (f + 1)) + 47?
4
Suppose -2461 = -3*v - 2*k - 0*k, 4*v - k = 3296. What is the units digit of v?
3
Let u(s) = -18*s - 12. Let o be u(6). What is the units digit of (39/26)/((-1)/o)?
0
Let l be 2 - (8/16)/((-1)/2). Let i(x) = 4*x**3 - x**2 - 3*x + 3. What is the units digit of i(l)?
3
Let s(n) = -10*n +